. Suppose 4*j - 9 + w = -5*o, n*j = -o + 10. Let h(g) = 2*g - 3. Determine h(j).
1
Let r(w) = 251*w + 247*w - 493*w. Determine r(2).
10
Let s = -65 + 70. Let p(w) = -3*w - 3 + 4*w + w**2 + 0*w + 5*w. Let l(n) = -5*n**2 - 24*n + 11. Let d(u) = 2*l(u) + 9*p(u). Give d(s).
0
Suppose 0 = 3*g + 5*z + 34, -g + 2*g - 2*z + 26 = 0. Let b = 25 + g. Suppose 2*c - b = 5*x - 0*c, -2*x - 22 = 4*c. Let d(n) = -5*n - 4. Determine d(x).
11
Let o(i) = i**3 + 4*i**2 + 4*i + 4. Let z(j) be the third derivative of -j**5/15 - j**4/24 - j**3/6 - j**2. Let n = -907 + 906. Let y be z(n). What is o(y)?
-12
Let s(b) = b**3 - 3*b**2. Let r(w) = -w**3 + w - 5. Let o be r(0). Let z be ((-2)/o)/(2/50). Suppose -4*p + z = -n + 21, 2 = -p. Give s(n).
0
Let c(r) = 3*r**3 - 2*r + 1. Let y(v) = -v**3 + 15*v**2 - 12*v - 33. Let h be y(14). Let z be 4 + 0 - (-10)/h. What is c(z)?
21
Let l(b) be the first derivative of 5*b**4/4 + 2*b**3/3 - b**2 + b - 1. Let x be 9 + 12*24/(-36). Determine l(x).
6
Let g(a) = a**3 - 2*a**2 + a - 1. Let r(h) = -40*h**3 - 11*h**2 + 4*h - 5. Let j(n) = 5*g(n) - r(n). Calculate j(-1).
-45
Let i(v) = -5*v**2 + 2*v - 2. Let p = 0 + 3. Let j(y) = 3*y**2 + 2*y**2 - p*y + 3*y + 3 - 2*y. Let g(l) = -4*i(l) - 3*j(l). Determine g(-1).
6
Let a(g) = 688*g + 451*g - 1136*g + 2. Suppose -3*d + 6*d + 9 = 0. Calculate a(d).
-7
Let z(b) be the first derivative of -b**3/3 + 8*b**2 - 15*b - 127. Calculate z(12).
33
Let t(o) be the third derivative of -o**4/8 + 9*o**3/2 + 2*o**2 - 1. Determine t(11).
-6
Let h(k) = k**2 + k - 21. Let z be h(0). Let w be ((-12)/(-14))/(3/z). Let i be ((-14)/w + -3)*6. Let t(x) = x**2 + 3*x - 1. Determine t(i).
3
Let z(m) = -m - 7. Suppose 2*y + 3*n + 1 = -4, 4*y + n + 25 = 0. Let a be 3*(-2)/6 + y. Calculate z(a).
1
Let y(p) = -4*p**2 + 12*p + 9. Let k(b) = -3*b**2 + 11*b + 4. Let c(j) = 3*k(j) - 2*y(j). Let s be 52/9 - (-8)/36. Give c(s).
12
Let c(p) = -p + 1. Let d(x) = -8*x + 4. Let b(f) = 5*c(f) - d(f). Suppose -3*i + 11 = 5*l, 0 = 3*i - 5*l - 0*l - 1. Let w be -2*i + 10 + -7. What is b(w)?
-2
Let f = 2 + 1. Let d(v) = 923 + v**2 - 235 - 227 - 227 - 232. Give d(f).
11
Let f(n) = -n**2 + 10*n + 11. Let d be f(11). Suppose d = y - 11 + 7. Let k(o) = -o**2 + 6*o - 2. What is k(y)?
6
Suppose 2*o + 2*u + 4 = 0, 3*o = -5*u + 1 - 5. Suppose -2*r = 2*r - 8. Let v(c) = 4*c - 21. Let s(w) = w - 7. Let t(l) = r*v(l) - 7*s(l). Determine t(o).
4
Let n(t) = -t**2 - 5*t + 3. Let a be 8*2/(2/3). Suppose -z = 4*o + 3*z + a, 10 = -5*o + 5*z. Determine n(o).
7
Let v(m) = -2*m**2 - 4*m - 2. Let s be v(1). Let u(b) = 2*b + 15. What is u(s)?
-1
Let n(m) = -m**2 - 9*m - 8. Let h(u) = -3*u**2 - 19*u - 15. Let c(l) = 2*h(l) - 5*n(l). What is c(10)?
-20
Suppose -2*t + 8 = -5*m, -3*t + 10 + 2 = 4*m. Let o(x) = -x**3 + t*x**2 + 2 - 4 + x**2 + 4. Calculate o(5).
2
Let x = 449 - 454. Let u(g) = -2*g - 6. What is u(x)?
4
Let n(a) = 12*a + 3*a**2 - 8 + 4*a**2 + 2*a**3 + a**3 - 4*a**3. What is n(8)?
24
Let a(h) be the third derivative of h**4/24 + 3*h**3/2 + 4*h**2 - 25. Determine a(10).
19
Let j = 835 - 832. Let i(o) be the second derivative of -3*o + 0 + 1/6*o**j - o**2. Calculate i(-6).
-8
Let u(v) = v**3 - 15*v**2 - v + 14. Suppose 0*a + x = -4*a + 61, -3*a + 4*x = -41. What is u(a)?
-1
Let s(q) = -5*q**3 - 3*q**2 + 8*q + 7. Let c(z) = z**3 - z**2 - 1. Let t(r) = 4*c(r) + s(r). Calculate t(-8).
3
Let i(q) = q**2 - 3*q - 4. Let t = -32 - -34. Let x be (3/(-9) + t)*3. Suppose -x - 7 = -2*p. Give i(p).
14
Let w(u) = -2*u - 1. Let b(t) = t**3 - 11*t**2 + 11*t - 7. Let k be b(10). Suppose -4*f + f = 3*y + 3, k*y - 1 = f. Calculate w(f).
1
Let z(j) = -2*j - 17. Let q(n) = -n**2 - 17*n + 11. Let f be q(-18). Determine z(f).
-3
Let t(o) = -7*o**2 - 2*o + 17. Let f(b) = -4*b**2 + 9. Let s(c) = -5*f(c) + 3*t(c). Let j be s(0). Let x(p) = -p**3 + 5*p**2 + 5*p + 1. Give x(j).
-5
Let j(k) = -3*k + 3. Let z(h) be the second derivative of -h**3/6 - 5*h**2 - 5*h. Suppose -7*m - 30 = 68. Let i be z(m). Calculate j(i).
-9
Let u(l) = l - 13. Let g be u(-8). Let f = 16 + g. Let c(b) be the third derivative of -b**5/60 - 5*b**4/24 + 2*b**2. Determine c(f).
0
Let w(s) = 4*s + 3 - 3 - 1. Let u = 9 + -6. Suppose i + 13 = -3*g, 5*i + u*g + 13 = -4. Calculate w(i).
-5
Let n(u) = 12*u - 87. Let y = 537 + -530. Calculate n(y).
-3
Let v(l) = l**3 + 2*l**2 - 2*l + 4. Let g be -4 - (15/(-3))/5. What is v(g)?
1
Let q(z) = -3*z - 1. Let m(b) = 2*b - 1. Let i(s) = -m(s) - q(s). Let r = -20 - -10. Calculate i(r).
-8
Let o(w) = -w. Suppose -5*j + 36 - 11 = 0. Let d = j - 5. Suppose -2 = -d*a + 2*a. Determine o(a).
1
Let r(z) be the third derivative of 0 - 1/3*z**3 + 3*z**2 - 1/24*z**4 + 0*z. Let q be -7 - (-10)/15*(4 + -1). Determine r(q).
3
Let b(g) = -g + 11. Suppose 129 = 3*v - 39. Let s = 56 - v. Determine b(s).
11
Let b(t) be the third derivative of t**4/24 + t**3/3 + 4*t**2. Let d(f) = 5*f + 42. Let l be d(-10). Give b(l).
-6
Let d(k) = 5 + 12*k + 9 + 6*k**2 - 5*k**2 + 19 - 22. Determine d(-11).
0
Let j(v) = v - 7. Suppose 41 = 3*l - 4*f, 4*l - 18 = -5*f + 16. Give j(l).
4
Let k(u) = 2*u + 220*u**2 + 212*u**2 - 437*u**2 - 1 + u**3. Give k(4).
-9
Let o = 109 - 86. Let v(h) = -1 + 17*h**2 - 8*h - o*h**2 + 4 + 7*h**2. Determine v(8).
3
Let r(d) be the second derivative of d**5/20 + d**4/2 - d**3/6 + d**2 + d. Let a(p) = -6 - 1 + 4 + p + 5. Let k be a(-8). What is r(k)?
8
Let y(s) be the first derivative of -s**4/4 + 4*s**3/3 + 2*s**2 - s - 117. What is y(5)?
-6
Let r(i) = 14*i**2 - 12*i - 12. Let c(t) = 5*t**2 - 4*t - 4. Let w(u) = 8*c(u) - 3*r(u). Give w(5).
-26
Let x(q) = -q**2 - 3*q + 2. Let t(r) = r**3 + 7*r**2 + 7*r + 8. Let i be t(-6). Suppose -4*h - 6*h = -20. Suppose 0 = i*a + 4, -u + 0*u = -h*a. What is x(u)?
-2
Let r(j) = 3*j - 7. Let t(p) = -4*p - 29. Let n be t(-8). Let i be r(n). Let m(u) = -7*u + 2. What is m(i)?
-12
Let t(z) = -z**2 - 20*z + 5. Suppose 0 = 21*q + 352 + 68. Calculate t(q).
5
Let b(g) = -g**2 + 6*g + 5. Suppose 0 = 2*z - 5*h + 80, 2*z - 2*h + 74 = -0*h. Let x = 42 + z. Calculate b(x).
-2
Let g(i) = 34*i**3 + 2*i**2 + i. Suppose 14 = -12*z + 2. Give g(z).
-33
Let j(s) = -5*s - 1. Let t be -7 - (-4 + -3 + 5). Let h(i) = 2*i + 8. Let r be h(t). Calculate j(r).
9
Let c(l) = 3*l**3 - l**2 + 4*l + 4. Let r be c(-1). Let k(h) = -2*h**2 - 6*h - 3. What is k(r)?
-11
Let n(f) = 163 - 187 + 20*f - 22*f. What is n(-9)?
-6
Let t(x) = x - 4. Let s be (-5)/(-8 + -2)*6. Let v be s*1/((-4)/(-4)). What is t(v)?
-1
Let t(f) = -10*f**2 + 5*f + 4. Let v(r) = -3*r**2 + 2*r + 1. Suppose -3*o = s + 16, -2*s + 25 = -5*o - 4*s. Let y(w) = o*v(w) + 2*t(w). Give y(3).
-2
Let a(l) = -2*l**3 - 8*l**2 + 25*l + 5. Let r be a(-6). Let i(n) = -2*n + 4. What is i(r)?
6
Let q(r) = -27*r + 22. Let u(t) = -9*t + 8. Let w(j) = 3*q(j) - 8*u(j). Determine w(4).
-34
Let n(f) = -f**2 - f - 3. Suppose -5*d = 2*v - 10, 3*d - 2*d + 2*v + 6 = 0. What is n(d)?
-23
Let f(b) = b**2 + 8*b + 14. Let i = -440 + 434. What is f(i)?
2
Suppose -5*z - p - 4*p = 10, -8 = 2*p. Let a(d) = 3*d**2 - d. Let w be a(1). Let r(m) = -136*m**2 + m + 68*m**2 - 2*m + 69*m**w. Calculate r(z).
2
Let k(o) = -2*o**3 - 2*o**2 + o + 2. Let f be k(-2). Let z be -6*-2*(-4)/f. Let x(c) = -c**3 - 5*c**2 + 4*c - 6. What is x(z)?
6
Let t be (70/28)/(3*2/12). Let b(q) = -3*q**3 + 4*q**2 + 18*q + 1. Let l(p) = p**3 - p**2 - 6*p. Let i(g) = 3*b(g) + 8*l(g). Calculate i(t).
8
Let h be ((-6)/(-9))/((-6)/(-531)). Let b = h + -64. Let a(k) = -2*k - 5. Determine a(b).
5
Suppose 0 = 2*t + t - 9. Let k(b) = -3*b + 2*b + 5 + t - 4. Let x(a) = -a**3 + a**2 + 3*a + 4. Let p be x(3). Calculate k(p).
9
Let v(z) = -9*z - 37*z**2 + 20*z**2 + 2*z + 18*z**2 - 8. Determine v(7).
-8
Let k(d) = -d**3 + 5*d**2 - 2*d - 3. Suppose -46*v + 50*v + 500 = 0. Let g = v + 128. Give k(g).
9
Let u(w) be the first derivative of w**4/4 + 4*w**3 - w**2/2 - 5*w - 81. Give u(-12).
7
Let p(w) = -2 - 93*w + 89*w + 0. Determine p(1).
-6
Let i = 20 + -17. Suppose 0 = -i*a + 7*a - 8. Let f(q) = 7*q**2 - 3*q + 5. Let n(z) = -3*z**2 + 2*z - 3. Let j(l) = a*f(l) + 5*n(l). Give j(5).
-10
Suppose 2*y = -2*y - 20. Let p = y - 1. Let n(s) = -6*s**2 - s + 8. Let x(i) = i**2 - i - 1. Let t(z) = n(z) + 5*x(z). What is t(p)?
3
Let q(k) = k**3 - 5*k**2 - 5*k - 7. Let w be (-150)/4*2/(-3). Suppose